{"id":5267,"date":"2024-05-06T04:57:51","date_gmt":"2024-05-06T03:57:51","guid":{"rendered":"https:\/\/thuizsorg.nl\/?page_id=5267"},"modified":"2024-05-28T19:13:42","modified_gmt":"2024-05-28T18:13:42","slug":"missie-en-visie","status":"publish","type":"page","link":"https:\/\/thuizsorg.nl\/index.php\/missie-en-visie\/","title":{"rendered":"Missie en visie"},"content":{"rendered":"\t\t<div data-elementor-type=\"wp-page\" data-elementor-id=\"5267\" class=\"elementor elementor-5267\">\n\t\t\t\t\t\t\t        <section class=\"elementor-section elementor-top-section elementor-element elementor-element-58cd3b8 elementor-section-boxed elementor-section-height-default elementor-section-height-default ct-header-fixed-none ct-row-max-none\" data-id=\"58cd3b8\" data-element_type=\"section\">\n            \n                        <div class=\"elementor-container elementor-column-gap-default \">\n                    <div class=\"elementor-column elementor-col-50 elementor-top-column elementor-element elementor-element-4750569 elementor-invisible\" data-id=\"4750569\" data-element_type=\"column\" data-settings=\"{&quot;background_background&quot;:&quot;classic&quot;,&quot;animation&quot;:&quot;fadeInRight&quot;}\">\n            <div class=\"elementor-widget-wrap elementor-element-populated\">\n                        \t\t<div class=\"elementor-element elementor-element-76946d9 elementor-widget elementor-widget-ct_heading\" data-id=\"76946d9\" data-element_type=\"widget\" data-widget_type=\"ct_heading.default\">\n\t\t\t\t<div class=\"elementor-widget-container\">\n\t\t\t<div class=\"ct-heading h-align-  sub-style1 ct-heading-left item-st-default\">\r\n\t    <h5 class=\"item--title st-default \" data-wow-delay=\"ms\">\r\n                <span class=\"sp-main\">\r\n            \r\n            Missie en visie\r\n            \r\n                    <\/span>\r\n            <\/h5>\r\n<\/div>\t\t<\/div>\n\t\t\t\t<\/div>\n\t\t\t\t<div class=\"elementor-element elementor-element-d4f2c5c elementor-widget elementor-widget-text-editor\" data-id=\"d4f2c5c\" data-element_type=\"widget\" data-widget_type=\"text-editor.default\">\n\t\t\t\t<div class=\"elementor-widget-container\">\n\t\t\t<style>\/*! elementor - v3.14.0 - 26-06-2023 *\/\n.elementor-widget-text-editor.elementor-drop-cap-view-stacked .elementor-drop-cap{background-color:#69727d;color:#fff}.elementor-widget-text-editor.elementor-drop-cap-view-framed .elementor-drop-cap{color:#69727d;border:3px solid;background-color:transparent}.elementor-widget-text-editor:not(.elementor-drop-cap-view-default) .elementor-drop-cap{margin-top:8px}.elementor-widget-text-editor:not(.elementor-drop-cap-view-default) .elementor-drop-cap-letter{width:1em;height:1em}.elementor-widget-text-editor .elementor-drop-cap{float:left;text-align:center;line-height:1;font-size:50px}.elementor-widget-text-editor .elementor-drop-cap-letter{display:inline-block}<\/style>\t\t\t\t<p>Onze missie is om toonaangevende thuiszorg te bieden die het leven van onze cli\u00ebnten verrijkt. We streven ernaar om een omgeving te cre\u00ebren waarin onze cli\u00ebnten kunnen floreren, ongeacht hun leeftijd of gezondheidstoestand. Onze visie is om erkend te worden als de meest betrouwbare en innovatieve thuiszorgaanbieder in Nederland, bekend om onze uitmuntende zorg en onze toewijding aan de gemeenschappen die we dienen.<\/p>\t\t\t\t\t\t<\/div>\n\t\t\t\t<\/div>\n\t\t            <\/div>\n        <\/div>\n                <div class=\"elementor-column elementor-col-50 elementor-top-column elementor-element elementor-element-a78268c\" data-id=\"a78268c\" data-element_type=\"column\">\n            <div class=\"elementor-widget-wrap elementor-element-populated\">\n                        \t\t<div class=\"elementor-element elementor-element-f615613 elementor-widget elementor-widget-image\" data-id=\"f615613\" data-element_type=\"widget\" data-widget_type=\"image.default\">\n\t\t\t\t<div class=\"elementor-widget-container\">\n\t\t\t<style>\/*! elementor - v3.14.0 - 26-06-2023 *\/\n.elementor-widget-image{text-align:center}.elementor-widget-image a{display:inline-block}.elementor-widget-image a img[src$=\".svg\"]{width:48px}.elementor-widget-image img{vertical-align:middle;display:inline-block}<\/style>\t\t\t\t\t\t\t\t\t\t\t\t<img decoding=\"async\" width=\"640\" height=\"428\" src=\"https:\/\/thuizsorg.nl\/wp-content\/uploads\/2024\/05\/iStock-470569531-1.jpg\" class=\"attachment-large size-large wp-image-5530\" alt=\"\" srcset=\"https:\/\/thuizsorg.nl\/wp-content\/uploads\/2024\/05\/iStock-470569531-1.jpg 640w, https:\/\/thuizsorg.nl\/wp-content\/uploads\/2024\/05\/iStock-470569531-1-300x201.jpg 300w\" sizes=\"(max-width: 640px) 100vw, 640px\" \/>\t\t\t\t\t\t\t\t\t\t\t\t\t\t\t<\/div>\n\t\t\t\t<\/div>\n\t\t            <\/div>\n        <\/div>\n                            <\/div>\n        <\/section>\n                <section class=\"elementor-section elementor-top-section elementor-element elementor-element-0984687 elementor-section-boxed elementor-section-height-default elementor-section-height-default ct-header-fixed-none ct-row-max-none\" data-id=\"0984687\" data-element_type=\"section\">\n            \n                        <div class=\"elementor-container elementor-column-gap-default \">\n                    <div class=\"elementor-column elementor-col-100 elementor-top-column elementor-element elementor-element-2fcfe3b\" data-id=\"2fcfe3b\" data-element_type=\"column\">\n            <div class=\"elementor-widget-wrap elementor-element-populated\">\n                        \t\t<div class=\"elementor-element elementor-element-c1fa95c elementor-widget elementor-widget-ct_about_us\" data-id=\"c1fa95c\" data-element_type=\"widget\" data-widget_type=\"ct_about_us.default\">\n\t\t\t\t<div class=\"elementor-widget-container\">\n\t\t\t<div class=\"ct-about-us\">\r\n\t<div class=\"ct-about-left\">\r\n\t\t\t\t\t<div class=\"ct-about-imge\"><img decoding=\"async\" class=\"\" src=\"https:\/\/thuizsorg.nl\/wp-content\/uploads\/2024\/05\/iStock-470569531-306x306.jpg\" width=\"306\" height=\"306\" alt=\"A group of seniors smiling together while in a retirement home\" title=\"Enjoying life to the fullest everyday\" \/><\/div>\r\n\t\t\t<\/div>\r\n\t<div class=\"ct-about-right\">\r\n\t\t<div class=\"ct-about-holder\">\r\n\t        <div class=\"ct-about-subtitle\"><span>Thuizsorg B.V.<\/span><\/div>\r\n\t        <h3 class=\"ct-about-title\">Aan de slag bij Thuizsorg B.V.?<\/h3>\r\n\t        <div class=\"ct-about-desc\">Wij maken thuiszorg beter en makkelijker. Daag jezelf uit.<\/div>\r\n\t        \t\t\t    <div class=\"ct-about-meta\">\r\n\t\t\t        \t\t\t            <div class=\"ct-box-item\">\r\n\t\t\t            \t<div class=\"ct-box-icon\">\r\n\t\t\t            \t\t\t\t\t\t\t                <i aria-hidden=\"true\" class=\"fas fa-swatchbook\"><\/i>\t\t\t\t                    \t\t\t\t\t            \t\t\t            \t<\/div>\r\n\t\t\t            \t<div class=\"ct-box-content\">\r\n\t\t\t            \t\t<h5 class=\"ct-box-title\">Iedereen heeft recht op zorg.<\/h5>\r\n\t\t\t\t            \t<div class=\"ct-box-desc\">\r\n\t\t\t\t            \t\tMeer vraag naar zorg, maar een gebrek aan zorgverleners? Thuizsorg B.V. doet daar wat aan. Door elke zorgverlener met de juiste kwalificaties de mogelijkheid te bieden aan het werk te gaan. Kort of lang.\t\t\t\t            \t<\/div>\r\n\t\t\t\t            <\/div>\r\n\t\t\t           <\/div>\r\n\t\t\t        \t\t\t            <div class=\"ct-box-item\">\r\n\t\t\t            \t<div class=\"ct-box-icon\">\r\n\t\t\t            \t\t\t\t\t\t\t                <i aria-hidden=\"true\" class=\"fab fa-pushed\"><\/i>\t\t\t\t                    \t\t\t\t\t            \t\t\t            \t<\/div>\r\n\t\t\t            \t<div class=\"ct-box-content\">\r\n\t\t\t            \t\t<h5 class=\"ct-box-title\">Wij pakken thuiszorg anders aan.<\/h5>\r\n\t\t\t\t            \t<div class=\"ct-box-desc\">\r\n\t\t\t\t            \t\tIn combinatie met een gezin of een vaste baan. Of gewoon na je pensioen. Zodat de zorgverlener er zin in heeft en onze cli\u00ebnten optimaal worden geholpen.\t\t\t\t            \t<\/div>\r\n\t\t\t\t            <\/div>\r\n\t\t\t           <\/div>\r\n\t\t\t        \t\t\t    <\/div>\r\n\t\t\t\t    <\/div>\r\n\t<\/div>\r\n<\/div>\t\t<\/div>\n\t\t\t\t<\/div>\n\t\t            <\/div>\n        <\/div>\n                            <\/div>\n        <\/section>\n                <section class=\"elementor-section elementor-top-section elementor-element elementor-element-04fa08f elementor-section-stretched elementor-section-content-middle elementor-section-boxed elementor-section-height-default elementor-section-height-default ct-header-fixed-none ct-row-max-none\" data-id=\"04fa08f\" data-element_type=\"section\" data-settings=\"{&quot;stretch_section&quot;:&quot;section-stretched&quot;,&quot;background_background&quot;:&quot;classic&quot;}\">\n                            <div class=\"elementor-background-overlay\"><\/div>\n                \n                        <div class=\"elementor-container elementor-column-gap-extended \">\n                    <div class=\"elementor-column elementor-col-100 elementor-top-column elementor-element elementor-element-1341ed5\" data-id=\"1341ed5\" data-element_type=\"column\">\n            <div class=\"elementor-widget-wrap elementor-element-populated\">\n                                <section class=\"elementor-section elementor-inner-section elementor-element elementor-element-c45f2ba elementor-section-boxed elementor-section-height-default elementor-section-height-default ct-header-fixed-none ct-row-max-none\" data-id=\"c45f2ba\" data-element_type=\"section\">\n            \n                        <div class=\"elementor-container elementor-column-gap-narrow \">\n                    <div class=\"elementor-column elementor-col-100 elementor-inner-column elementor-element elementor-element-172f6f8\" data-id=\"172f6f8\" data-element_type=\"column\" data-settings=\"{&quot;background_background&quot;:&quot;classic&quot;}\">\n            <div class=\"elementor-widget-wrap elementor-element-populated\">\n                        \t\t<div class=\"elementor-element elementor-element-26b7e1e elementor-widget elementor-widget-ct_heading\" data-id=\"26b7e1e\" data-element_type=\"widget\" data-widget_type=\"ct_heading.default\">\n\t\t\t\t<div class=\"elementor-widget-container\">\n\t\t\t<div class=\"ct-heading h-align-center  sub-style1 ct-heading-left item-st-default\">\r\n\t    <h3 class=\"item--title st-default \" data-wow-delay=\"ms\">\r\n                <span class=\"sp-main\">\r\n            \r\n            Zorg aanvragen\r\n            \r\n                    <\/span>\r\n            <\/h3>\r\n<\/div>\t\t<\/div>\n\t\t\t\t<\/div>\n\t\t\t\t<div class=\"elementor-element elementor-element-e0c88fa elementor-widget elementor-widget-shortcode\" data-id=\"e0c88fa\" data-element_type=\"widget\" data-widget_type=\"shortcode.default\">\n\t\t\t\t<div class=\"elementor-widget-container\">\n\t\t\t\t\t<div class=\"elementor-shortcode\"><div class=\"forminator-ui forminator-custom-form forminator-custom-form-4778 forminator-design--material  forminator_ajax\" data-forminator-render=\"0\" data-form=\"forminator-module-4778\" data-uid=\"69ea224f50bf0\"><br\/><\/div><form\n\t\t\t\tid=\"forminator-module-4778\"\n\t\t\t\tclass=\"forminator-ui forminator-custom-form forminator-custom-form-4778 forminator-design--material  forminator_ajax\"\n\t\t\t\tmethod=\"post\"\n\t\t\t\tdata-forminator-render=\"0\"\n\t\t\t\tdata-form-id=\"4778\"\n\t\t\t\t\n\t\t\t\tdata-design=\"material\"\n\t\t\t\t\n\t\t\t\t\n\t\t\t\t\n\t\t\t\tdata-grid=\"open\"\n\t\t\t\t\n\t\t\t\t\n\t\t\t\tstyle=\"display: none;\"\n\t\t\t\t\n\t\t\t\tdata-uid=\"69ea224f50bf0\"\n\t\t\t><div role=\"alert\" aria-live=\"polite\" class=\"forminator-response-message forminator-error\" aria-hidden=\"true\"><\/div><div class=\"forminator-row\"><div id=\"name-1\" class=\"forminator-field-name forminator-col forminator-col-12 \"><div class=\"forminator-row forminator-no-margin\" data-multiple=\"true\"><div class=\"forminator-col forminator-col-md-6\"><div class=\"forminator-field\"><label for=\"forminator-field-first-name-1_69ea224f50bf0\" id=\"forminator-field-first-name-1_69ea224f50bf0-label\" class=\"forminator-label\">naam<\/label><input type=\"text\" name=\"name-1-first-name\" placeholder=\"\" id=\"forminator-field-first-name-1_69ea224f50bf0\" class=\"forminator-input\" aria-required=\"false\" data-multi=\"1\" value=\"\" \/><\/div><\/div><div class=\"forminator-col forminator-col-md-6\"><div class=\"forminator-field\"><label for=\"forminator-field-last-name-1_69ea224f50bf0\" id=\"forminator-field-last-name-1_69ea224f50bf0-label\" class=\"forminator-label\">achternaam<\/label><input type=\"text\" name=\"name-1-last-name\" placeholder=\"\" id=\"forminator-field-last-name-1_69ea224f50bf0\" class=\"forminator-input\" aria-required=\"false\" data-multi=\"1\" value=\"\" \/><\/div><\/div><\/div><\/div><\/div><div class=\"forminator-row\"><div id=\"phone-1\" class=\"forminator-field-phone forminator-col forminator-col-6 \"><div class=\"forminator-field\"><label for=\"forminator-field-phone-1_69ea224f50bf0\" id=\"forminator-field-phone-1_69ea224f50bf0-label\" class=\"forminator-label\">telefoonnummer<\/label><input type=\"text\" name=\"phone-1\" value=\"\" placeholder=\"\" id=\"forminator-field-phone-1_69ea224f50bf0\" class=\"forminator-input forminator-field--phone\" data-required=\"\" aria-required=\"false\" autocomplete=\"off\" \/><\/div><\/div><div id=\"email-1\" class=\"forminator-field-email forminator-col forminator-col-6 \"><div class=\"forminator-field\"><label for=\"forminator-field-email-1_69ea224f50bf0\" id=\"forminator-field-email-1_69ea224f50bf0-label\" class=\"forminator-label\">e-mailadres <span class=\"forminator-required\">*<\/span><\/label><input type=\"email\" name=\"email-1\" value=\"\" placeholder=\"\" id=\"forminator-field-email-1_69ea224f50bf0\" class=\"forminator-input forminator-email--field\" data-required=\"true\" aria-required=\"true\" \/><\/div><\/div><\/div><div class=\"forminator-row\"><div id=\"textarea-1\" class=\"forminator-field-textarea forminator-col forminator-col-12 \"><div class=\"forminator-field\"><label for=\"forminator-field-textarea-1_69ea224f50bf0\" id=\"forminator-field-textarea-1_69ea224f50bf0-label\" class=\"forminator-label\">bericht<\/label><textarea name=\"textarea-1\" placeholder=\"\" id=\"forminator-field-textarea-1_69ea224f50bf0\" class=\"forminator-textarea\" rows=\"6\" style=\"min-height:140px;\" ><\/textarea><\/div><\/div><\/div><input type=\"hidden\" name=\"referer_url\" value=\"\" \/><div class=\"forminator-row forminator-row-last\"><div class=\"forminator-col\"><div class=\"forminator-field\"><button class=\"forminator-button forminator-button-submit\"><span>verstuur bericht<\/span><span aria-hidden=\"true\"><\/span><\/button><\/div><\/div><\/div><input type=\"hidden\" id=\"forminator_nonce\" name=\"forminator_nonce\" value=\"481032ee85\" \/><input type=\"hidden\" name=\"_wp_http_referer\" value=\"\/index.php\/wp-json\/wp\/v2\/pages\/5267\" \/><input type=\"hidden\" name=\"form_id\" value=\"4778\"><input type=\"hidden\" name=\"page_id\" value=\"5267\"><input type=\"hidden\" name=\"form_type\" value=\"default\"><input type=\"hidden\" name=\"current_url\" value=\"https:\/\/thuizsorg.nl\/index.php\/missie-en-visie\/\"><input type=\"hidden\" name=\"render_id\" value=\"0\"><input type=\"hidden\" name=\"action\" value=\"forminator_submit_form_custom-forms\"><\/form><\/div>\n\t\t\t\t<\/div>\n\t\t\t\t<\/div>\n\t\t            <\/div>\n        <\/div>\n                            <\/div>\n        <\/section>\n                    <\/div>\n        <\/div>\n                            <\/div>\n        <\/section>\n        \t\t\t\t\t<\/div>\n\t\t","protected":false},"excerpt":{"rendered":"<p>Missie en visie Onze missie is om toonaangevende thuiszorg te bieden die het leven van onze cli\u00ebnten verrijkt. We streven ernaar om een omgeving te cre\u00ebren waarin onze cli\u00ebnten kunnen floreren, ongeacht hun leeftijd of gezondheidstoestand. Onze visie is om erkend te worden als de meest betrouwbare en innovatieve thuiszorgaanbieder in Nederland, bekend om onze [&hellip;]<\/p>\n","protected":false},"author":2,"featured_media":0,"parent":0,"menu_order":0,"comment_status":"closed","ping_status":"closed","template":"","meta":{"footnotes":""},"_links":{"self":[{"href":"https:\/\/thuizsorg.nl\/index.php\/wp-json\/wp\/v2\/pages\/5267"}],"collection":[{"href":"https:\/\/thuizsorg.nl\/index.php\/wp-json\/wp\/v2\/pages"}],"about":[{"href":"https:\/\/thuizsorg.nl\/index.php\/wp-json\/wp\/v2\/types\/page"}],"author":[{"embeddable":true,"href":"https:\/\/thuizsorg.nl\/index.php\/wp-json\/wp\/v2\/users\/2"}],"replies":[{"embeddable":true,"href":"https:\/\/thuizsorg.nl\/index.php\/wp-json\/wp\/v2\/comments?post=5267"}],"version-history":[{"count":10,"href":"https:\/\/thuizsorg.nl\/index.php\/wp-json\/wp\/v2\/pages\/5267\/revisions"}],"predecessor-version":[{"id":5567,"href":"https:\/\/thuizsorg.nl\/index.php\/wp-json\/wp\/v2\/pages\/5267\/revisions\/5567"}],"wp:attachment":[{"href":"https:\/\/thuizsorg.nl\/index.php\/wp-json\/wp\/v2\/media?parent=5267"}],"curies":[{"name":"wp","href":"https:\/\/api.w.org\/{rel}","templated":true}]}}